w(-23). What is the greatest common factor of 22 and i?
11
Let w = 30 + -30. Suppose w = 5*n - 3*n - 40. What is the highest common factor of n and 140?
20
Let w(s) = -s**2 - 5*s - 4. Let m be w(-4). Suppose 2*a - 44 + 10 = m. What is the greatest common divisor of 136 and a?
17
Let m = 13 + -9. Suppose -4*q = -20 + m. Let h(f) = -f**3 + 11*f**2 + 13*f + 4. Let y be h(12). Calculate the greatest common factor of y and q.
4
Let u = -1738 - -1747. Let q(t) = 6*t**2 - 3*t - 3. Let n be q(-2). What is the highest common divisor of n and u?
9
Let s be 5 - (-4 - 1/1). Calculate the greatest common factor of s and 180.
10
Suppose d = 2*g - 9, 3*g - d - 24 = -2*g. What is the greatest common divisor of 95 and g?
5
Suppose -84 - 20 = -4*g. Let b(d) = d**2 + 1. Let s be b(1). Let o be (11/s + 1)*6. What is the highest common factor of g and o?
13
Suppose -3*v + 23 = -25. Let s be (-4)/(-16)*(0 + -4) + -9. Let o = v + s. What is the highest common factor of o and 6?
6
Let u be 4 - ((824/4)/(-1) + 5). Calculate the greatest common divisor of 123 and u.
41
Let c(b) be the third derivative of -b**6/120 + 3*b**5/20 - 13*b**4/24 - b**3/3 - 3*b**2 + b. Let l be c(6). What is the highest common divisor of 7 and l?
7
Let v(a) = 2*a + 26. Let t be v(-7). Let l(m) = m**2 - 12*m + 8. Let z be l(t). What is the highest common factor of z and 32?
8
Let t = 10 + 10. Let u(g) = 2*g - 8. Let j be u(18). Suppose 0*b = 7*b - j. What is the highest common factor of b and t?
4
Let i be 12/9 + (-4256)/(-12). Let f be 1*i/4 + 1. Calculate the highest common divisor of f and 10.
10
Let r = -602 - -620. What is the greatest common divisor of 81 and r?
9
Let i be 3 - (-11)/(-4)*4. Let q be i/12 - (-14)/3. What is the highest common factor of 32 and q?
4
Let t = -50 + 54. Suppose -4*j + 24 = t*j. Calculate the highest common factor of j and 9.
3
Suppose -626*r = -628*r + 4. Let f(d) = -2*d**2 - 6*d + 1. Let h be f(-6). Let j be h/(-11) - r/11. Calculate the highest common factor of 15 and j.
3
Suppose 5 = -f + 9. Suppose -3*l - 88 = -f*l + 4*t, -5*t + 25 = 0. Calculate the highest common factor of 12 and l.
12
Suppose -8 = 2*v - 4*i, 8 = 4*v - 2*i - 6. Let f = 45 - 45. Suppose 3*t + f*t = 9. Calculate the highest common divisor of v and t.
3
Suppose 5*f + 3*h - 2*h = 25, 5*h + 25 = 5*f. Let a = -4 + f. Calculate the highest common factor of a and 4.
1
Let v = -6568 - -3955. Let g be v/(-15) + (-8)/(-10). Suppose 3*u + g = 4*u. Calculate the highest common factor of u and 25.
25
Suppose 5*g = 9*g - 68. Let b(y) = -y**2 + 18*y - 2. Let r be b(g). Calculate the highest common divisor of 45 and r.
15
Suppose 33 = 2*l - 5*a, -5*l = 4*a - 2 - 130. Let w be l/(-9)*45/(-12). Calculate the greatest common factor of 10 and w.
10
Let v be 1/2*(0 - -16). Let r be (5 - v) + (-54)/(-3). What is the highest common factor of 5 and r?
5
Let r = 11 + 13. What is the highest common factor of 24 and r?
24
Suppose -4*o + x = 5*x - 216, -x - 282 = -5*o. Let r = -31 + 59. What is the highest common divisor of o and r?
28
Let f be (-9)/12*(-33 + 1). Let q(d) = -11*d + 1. Let l(j) = -j - 11. Let m be l(-10). Let u be q(m). What is the highest common divisor of f and u?
12
Suppose 4*m - a - 104 = -4, m = a + 28. Suppose 2*n + 2*n - 40 = 0. Suppose -6 = -2*q + n. What is the highest common factor of q and m?
8
Let a be ((-888)/(-20))/6 + (-4)/10. Let y(v) = -5*v + 16. Let h be y(-8). Calculate the greatest common factor of h and a.
7
Let p = -827 - -975. What is the highest common divisor of p and 74?
74
Let t(y) = y**3 + 17*y**2 - 40*y + 73. Let f be t(-19). What is the highest common factor of f and 777?
111
Suppose -4*m + 189 + 308 = 5*n, 2*m = -3*n + 301. Suppose -2*r + 2*h + 42 = -8, r - 40 = -2*h. Calculate the highest common factor of n and r.
15
Suppose -5*u - 55 + 384 = 4*k, 5*u = -3*k + 328. Suppose -4*o = 485 - u. Let m = -70 - o. Calculate the greatest common factor of m and 5.
5
Let j(p) = -p**3 - 7*p**2 - 7*p + 6. Let o be j(-6). Let a(i) = -10*i + 16. Let b be a(1). Calculate the highest common divisor of b and o.
6
Let z be (-1)/(5/(-3540)*-4). Let n = 249 + z. Let k be (n/60)/(2/25). What is the highest common divisor of k and 3?
3
Suppose -1449 = 18*w - 21*w. What is the highest common factor of 21 and w?
21
Suppose 4*s + 84 = -0*s. Let q = s - -31. What is the greatest common factor of 30 and q?
10
Suppose 2*s + 35 = -5*y, 0*s = y - s + 14. Let w be 2/((-6)/y) - 1. Suppose 0 = w*g - 3*g + 10. What is the greatest common divisor of 2 and g?
2
Suppose 19*s - 12*s = 14. Suppose 4*i - 5*h - 515 = 0, -5 = -s*h + h. What is the greatest common divisor of 15 and i?
15
Suppose 0*b = 2*b - 64. Suppose 5*w + 12 - b = 0. Let n be (-3)/((-33)/(-77)) - -11. What is the greatest common divisor of n and w?
4
Let f(v) = 3*v**2 - 12*v + 8. Let q be f(4). Suppose -q*p - 4*c = -3*p - 336, 124 = 2*p - c. What is the highest common divisor of p and 96?
32
Let d be (-8)/(-100) + 1248/25. What is the highest common factor of d and 25?
25
Let b = 1925 - 1220. Calculate the greatest common factor of 423 and b.
141
Let x = -88 + 58. Let t be 10*36/x*-5. Calculate the highest common factor of 10 and t.
10
Suppose -3*n - 18 = -6. Let w be (-2 - n)/1 - (-11 - 8). Calculate the greatest common factor of 7 and w.
7
Suppose 4*a = -5*w + 1110, -4*a = -4*w + 90 - 1218. Let u = 17863 + -17823. What is the greatest common factor of u and a?
40
Let h = 3 + -1. Suppose h*w + 2*w - 192 = 0. Suppose -i + 8 = 2*y, 3*y - 52 = i - 5*i. What is the greatest common divisor of i and w?
16
Let k = -16 - -20. What is the highest common divisor of 36 and k?
4
Let j(d) = -43*d + 133. Let y be j(-7). Calculate the highest common factor of y and 42.
14
Let f = -109 - -178. What is the greatest common factor of 161 and f?
23
Let t be (-2934)/(-105) + (-4)/(-70). What is the highest common factor of 84 and t?
28
Let t be 269/3 - (-2)/6. Let i = 110 + -181. Let p = -11 - i. What is the highest common factor of t and p?
30
Let g be (-2)/(-8)*0 - -231. Suppose -4*h + g = 3*h. What is the highest common divisor of 3 and h?
3
Suppose 611*r - 1365 = 604*r. What is the highest common factor of r and 520?
65
Let x(v) = 28*v**2 + 36*v + 1. Let n be x(6). Calculate the highest common divisor of 25 and n.
25
Let i(h) = 3*h + 185*h**3 + 2 - 6*h - 127*h**2 + 127*h**2. Let d be i(1). What is the greatest common divisor of 23 and d?
23
Let d(m) = m**2 - 6*m - 2. Let n be d(7). Suppose 44 = 2*l - 4*z, z = n*l - 3*l - 50. What is the highest common factor of l and 39?
13
Suppose 5*u - s - 297 = 0, -u - 2*s - 2*s + 72 = 0. Let k = -42 + u. Calculate the greatest common divisor of 6 and k.
6
Suppose 5*m - 56 = -4*d + 193, -3*d - m = -195. Calculate the highest common factor of d and 33.
33
Let q be ((-280)/(-120) - (6 - 0))*-66. Calculate the greatest common factor of 44 and q.
22
Let w(j) = -j**2 + 12*j - 1. Let k be w(9). Suppose -5*v + k = -64. Let f be -1 - (-94)/5 - 1/(-5). Calculate the highest common divisor of v and f.
18
Suppose -3*g + 7*g - 4 = 0. Let k be (-3 - (6 + -7)) + g*6. Let u(v) = -v**2 + 5*v - 2. Let z be u(3). Calculate the highest common factor of k and z.
4
Let m = 110 + -74. Let n(h) = 4*h**3 + 2*h**2 + 25*h - 27. Let x be n(1). What is the highest common divisor of x and m?
4
Let r be (6/2 - (-20)/(-8))*16. What is the highest common factor of r and 12?
4
Let m(a) = a**2 + 20*a - 46. Let o be m(-23). Calculate the greatest common factor of o and 529.
23
Suppose 6 = u + 2*z, 96*u - 100*u - z + 17 = 0. Let w = 49 - 13. What is the greatest common factor of w and u?
4
Let j = 781 + -331. What is the greatest common factor of 25 and j?
25
Suppose 3*d - 21 = -0*d. Suppose 89 = d*g - 65. Calculate the highest common divisor of 11 and g.
11
Let i = -851 + 2684. What is the greatest common divisor of i and 282?
141
Suppose 2*l = 6*l + p - 31, -33 = -4*l + p. Let m = -9 - -13. Suppose 5*o - 169 = -4*z + 1, -m*o - 152 = -4*z. What is the greatest common divisor of l and z?
8
Let w(k) = -2*k**2 + 16*k. Let d be w(8). Suppose d = -7*g + 4*g + 5*y + 122, 3*y + 38 = g. Calculate the highest common factor of g and 4.
4
Let s = -817 + 942. What is the greatest common factor of s and 2125?
125
Let x(m) = m**3 - 59*m**2 + 117*m - 21. Let h be x(57